 12)).
-30
Calculate (-203 - -210 - (11 + -5 - 1)) + (8 - -1).
11
Calculate 29 + -16 + -6 + 26.
33
What is the value of ((41 - -33) + 30 - (-23 + -1)) + (2 - 13)?
117
What is the value of 13 + 6 - 5 - (149 + -134)?
-1
-12 - (20 - (18 + (0 - -18)))
4
What is (-1 - 1) + (48 + -15 + 65 - 15)?
81
Evaluate -11 - (-11 - 11) - ((2 - -13) + 43).
-47
What is the value of -7 + (-5 - (-14 - -3)) + 3 + (-18 - 1)?
-17
What is 14 - (-11 + (-4 - (-2 + -2)) + (68 - 31))?
-12
What is -3 - ((-4 - (-2 - -19 - 17)) + -61)?
62
What is the value of (-30 - (-27 + -88)) + -69?
16
Evaluate 33 - (12 - 11) - 7 - (11 + -13 + 11).
16
Evaluate 9 + (-17 - (-22 - -12 - -14) - -7).
-5
Calculate 98 - (-56 - (-160 - -63)).
57
Evaluate -16 + 59 - (21 + -4) - -5.
31
Calculate -863 + 865 - ((3 - 0) + (-38 - (3 + 1))).
41
Evaluate -3 - 8 - (3 - -14 - 33 - 35).
40
(46 - 21 - 42) + 63 + -6
40
Evaluate (17 - (-26 - -12)) + -17 + 15.
29
Evaluate (181 - 132) + (-3 - (-6 - -6 - -7)).
39
Calculate (-105 - -200) + -247 - -121.
-31
Calculate 8 - ((10 - -1) + (-1 - -6) + -67 - -7).
52
Evaluate -36 + (-16 - -54) + -42.
-40
What is the value of -115 - (84 + (-141 - -16))?
-74
Calculate 62 - (-2 + 5 + 16 + (39 - 69)).
73
Evaluate -93 + 79 - (58 + -26) - (11 + 0).
-57
What is 76 + 1 + -28 + (23 - (-49 - -52))?
69
Evaluate 47 - (-41 - -117 - 33).
4
What is (2 + -41 + -1 - 1) + -10071 + 10076?
-36
What is the value of -3 + -3 - ((-6 - (25 + -13)) + -30) - -11?
53
9 + -10 + (6 - (-14 + 0 - -82))
-63
-2118 + 2089 - (1 - 18)
-12
What is 0 - 41 - (-1791 - -1688)?
62
Evaluate (-158 - -163) + (-31 - 2).
-28
-4 - -2 - (32 + -11 + -6)
-17
45 + -80 - 43 - -31
-47
What is 3 + -2 + -8 + 4 + 65 + -2?
60
Evaluate 35 - (119 - 64) - (3 - (4 - -3)).
-16
Calculate 45 - 11 - (-37 + 57).
14
Calculate -103 + (-41 - -95 - -47).
-2
What is the value of 232 + (182 - 32) + -276?
106
What is the value of 1273 - 1296 - (2 + 6)?
-31
43 - (6 + 7 + 32)
-2
Evaluate -26 + (103 - 35) - -23.
65
What is -14 + -26 + 82 - 4?
38
What is the value of -62 - (-63 + (20 - -30))?
-49
-1 + -23 + -111 + 40 + 38
-57
56 + 20 + -14 + -3 + 22 + -30
51
Calculate -36 + (-30 - -7 - -29) - (-1 + 14).
-43
Calculate 9 + (-26 - (-19 - (-9 - -9))).
2
What is (-29 - -1) + (-305 - -105) + 175?
-53
Calculate 68 + -23 + -55 - (-2 + 46) - (0 - 4).
-50
Calculate (6 - (-29 - -15) - 27) + 75.
68
What is the value of 5 + -11 + -15 + (-117 - -95)?
-43
17 + 0 + -1524 + 1537
30
6 - (21 - ((36 - -9) + -18))
12
What is -1 - (-16 + -14 + 21 + -9)?
17
-12 - (30 + -32 + -67)
57
-6 + -1 + (45 - -1) + (482 - 505)
16
Evaluate -20 - (2 + (-69 - -4) + 22).
21
Calculate -15 + (72 - (-17 - -41)).
33
(-2 + (-1 - -14) + 2 - (5206 - 5198)) + -6
-1
What is 147 + -184 - (-72 - -37)?
-2
Calculate ((-2 - 1) + 5 - 15) + (64 + -35 - -69).
85
What is the value of 6 - (-29 - -43) - -16?
8
What is the value of -634 - -699 - (4 - -89)?
-28
Calculate -2 + (0 - -93) + (18 - (53 - 32)) + -7.
81
What is the value of (22 + -6 - ((4 - 4) + -9 + -45)) + -3?
67
Evaluate 96 + 7 + -56 + -4.
43
45 + (7 - (-1 + (-9 - -22)))
40
What is (100 - -30) + -63 + -25?
42
Evaluate (-4 - 52) + (33 + 67 - 132).
-88
What is the value of 8 + 6 + -81 + 6 + -25 + 22?
-64
-116 + (55 - (-126 - -83))
-18
What is the value of (4 - (-11 + -6 + 11)) + 20?
30
(-7 - -3 - -54 - (17 + -8 + 3)) + 7
45
What is -2 + 0 - (47 + -1 - ((174 - 114) + -69))?
-57
Calculate 74 + -119 + 80 - 9.
26
What is 1 + (-2 - (20 - 20 - 7)) - (72 + -1)?
-65
Evaluate 24 - (6 + -23 - 24).
65
Calculate -275 + 186 - -85 - (1 - 1 - (49 - -1)).
46
What is (22 - 31 - -2) + 41 + 32?
66
What is the value of -48 - (-4 - -3) - (41 - 24)?
-64
What is the value of 1548 + -1553 + -3 + -7 + (1 - 0) + 0?
-14
Evaluate -78 + (126 - (-59 - -83)).
24
24 + 1 + -70 + (233 - 148)
40
Evaluate -4 + (-45 - -38 - (-1 + 6 - 8)).
-8
(1 - 3) + (169 - 178)
-11
Calculate -183 - (-322 + 106 - -125).
-92
What is the value of 44 - 34 - (-12 + 46 - -12 - -9)?
-45
-60 - ((-304 - -110) + 77)
57
Calculate -16 + (10 - (14 - 5 - 1)) + (-2 - -130).
114
Evaluate 14 - (3 + -1 + -4) - (-4 - -6).
14
-5628 - -5659 - (-25 - (2 + -1))
57
What is -24 - (-46 - 18) - 54?
-14
Evaluate -4 + 5 - (-8 + 4 + 5) - -4 - -31.
35
What is the value of (-36 + -79 - -68) + 1 + 101?
55
Calculate -2081 - -2051 - (1 + -33) - (2 + -42).
42
What is -37 - 16 - (-30 + -7)?
-16
What is 31 + -57 + 20 + -1 + -74?
-81
121 - (-46 + (-15 - -3 - (1 + -36)))
144
-36 - (-1 - (67 - -5))
37
What is -3588 - -3590 - (1 + -14)?
15
Evaluate (25 - ((26 - -56) + 8)) + 19.
-46
What is the value of (-4 + -1 - 41) + 90 + -86 - -3?
-39
0 - 47 - (19 + (-29 - -3) + -5)
-35
(13 + -38 - -36) + (54 - -1) - -1
67
(4 - 5) + 53 - ((48 - -15) + -58)
47
Evaluate 13 + (-25 - 13) + -33 + -13.
-71
Evaluate (4 - -6) + -35 - (2 - (0 - 4)).
-31
What is -33 - (99 - (-101 + 162))?
-71
Evaluate 17 + (33 - ((-34 - -15) + 40)).
29
What is -49 + 4 + (-2 - (10 + -16 + -8))?
-33
Evaluate 2 + (11 - 6) + -16 - (177 + -129).
-57
Evaluate 14 + (-41 + -1 - -63) + (6 - -1).
42
Evaluate (1 + 8 - 19) + 33 + -10 - -9.
22
Evaluate (-2 - (8 + -1)) + 31 + -42 + -77.
-97
What is the value of (0 - 14) + 0 - (-70 + -23 + 41)?
38
Evaluate (-39 - (12 + -74)) + 29 + 1.
53
What is the value of -13 + 1 + (-408 + 385 - (2 + -23))?
-14
What is the value of (-56 - -53) + -18 + (66 - 2)?
43
What is (-16 + 2 - ((-59 - -40) + 16)) + 24?
13
Evaluate (-1 - 9 - 4) + 3 - 98 - 8 - -8.
-109
What is (42 - (2 - -30)) + -14 + -1 + 1?
-4
-39 - (47 - 34) - (-21 + 10 + 2)
-43
What is (-15 - -25) + (7 - -6 - 56)?
-33
(60 - (-21 - -99)) + (0 - -18)
0
What is the value of -9 + (-16 + 11 + 118 - 4) + -20?
80
What is (-590 - -592 - (-23 + 1)) + (5 - 0)?
29
Evaluate -6 + (-2 + 6 - 4) + -2 + (-13 - -8).
-13
What is the value of 1 + 14 + (4 - 37) + 34 - -76?
92
What is 32 - (159 - (104 - 38))?
-61
Evaluate (-8 - -3 - (-12 + 2)) + (64 - (17 + -11)).
63
Evaluate 232 - 185 - 44 - (1 + -4 + 2 + -3).
7
63 + (7 - 45) + -65
-40
What is 15 + -3 - (-75 - (-4 - 108))?
-25
Evaluate (3 - (53 + -16)) + 72.
38
Calculate -180 + (-14 - -158) + (1 - -1 - 0) + -1.
-35
What is -12 - (11 - 1 - (-9 - (5 - 24))) - 2?
-14
(121 + 102 - 97) + -130
-4
What is the value of -8 + (33 - (16 + -10 + -3 + -19))?
41
Calculate (-9 - -3) + (12 - (-41 + 58)) - -14.
3
What is the value of 12 + -1 - (65 + -77 - (68 - (1 + -3)))?
93
What is the value of 7 - (5 + (-10 - -3) + 22) - (-11 + 5)?
-7
Calculate (33 - 19 - -3) + -3 + -2.
12
What is the value of (7 - -1 - (188 + -197)) + 9?
26
Evaluate -17 + 1 + (-26 + 2 - (-144 + 105)).
-1
What is the value of 105 + -4 + 2 - (-137 - -75 - -78)?
87
-14 + (9 - 119) - -103
-21
11 + (-5 - -48) + -214 + 186
26
Evaluate -43 - (33 + -1) - (-1 - (4 + -22)).
-92
Calculate -388 - (-9 + -376) - (-63 - (1 + -1 - -1)).
61
What is the value of -7 + 14 + (-23 - -102 - -2)?
88
What is 16 + (16 - 110) - -7 - (-3 + 0 - 8)?
-60
What is 47 - -58 - 0 - 70?
35
Evaluate (-22 + (-18 - -55) - -4) + 21.
40
Evaluate -48 - (40 + -56 - -48).
-80
2 - 0 - 45 - (83 - (-117 + 197))
-46
Evaluate (1050 - 1046) + 0 + 2.
6
What is the value of 1 + -40 + 54 - ((-7 - -4) + -25)?
43
What is 22 - (59 + -164 + 123 - (-9 - 0))?
-5
-166 + 114 + (-2 - 91)
-145
Calculate -2755 + 2729 + -1 + 147 + -37.
83
Evaluate 13 - (323 - 316 - (-79 - (-3 - (4 + -4)))).
-70
What is 2 + (26 + (40 - 0) - 8)?
60
What is the value of 89 + -155 + (-30 - (-12 + 30))?
-114
Evaluate 5 - (-37 + (89 - 39)).
-8
Evaluate -9 + 25 + (-10 - 1) - -101.
106
Calculate (198 + -192 - (-1 + 0 + -2)) + 46.
55
What is the value of (11 - (7 - (-8 + 16))) + (-58 - -81)?
35
-1 - 0 - (-233 + 249 + 2 + -47)
28
What is the value of (1 - -1) + -10 + 166 + (136 - 303)?
-9
Evaluate 90 + -139 + (-6 + 1 - (-5 - (16 - 11))).
-44
(81 - -2) + 3 - (-4943 + 4948)
81
Evaluate 55 - (-12 + (19 - -5) + 5).
38
6 + (9 + 1 - (75 + -70)) + (55 - -13)
79
What is the value of 2 - -8 - (1 - 1) - (-947 + 959) - -63?
61
44 - (130 + (1 - 60))
-27
7 - (46 + -44 + -16 - (0 - -11))
32
Calculate 17 - ((-13 + 17 - 12) + 18).
7
Evaluate (55 + -180 - -131) + 69.
75
Evaluate 4 + -1 - (73 + -42 - 58).
30
What is the value of 10 + 0 + (30 - 6 - 7) + -35?
-8
What is the value of 124 - (-44 + -53 - -205)?
16
Evaluate (29 - 16) + 114 - 23.
104
Evaluate -103 - (-16 + (-12 - -9) - -23).
-107
What is the value of -24 + -19 - 